g(u) = u**2 + 6*u + 10. Suppose 0 = s + 2*a - 9 - 4, 2*s + 5*a - 30 = 0. Suppose -s*n + n = 0, -2*n = t + 7. Give g(t).
17
Let t(n) = -5*n**2 - 2*n**2 + 2 - 2*n**2 + 5*n**2 + n**3. Suppose -9*y + 13 = 4*k - 10*y, 5*y + 41 = 8*k. Determine t(k).
-6
Let y(m) be the first derivative of -m**4/4 - 5*m**3 - 13*m**2/2 - 18*m - 1046. What is y(-14)?
-32
Let a(n) = 4*n**2 - 3*n - 3. Let l be a(-2). Suppose 2*g - l = -9. Let i(h) = -4*h + 6. Give i(g).
-14
Let q(s) = -19*s**2 - 2 - 11*s**2 + 53*s**2 + 5*s - 1 - 22*s**2. Calculate q(4).
33
Let a(p) = -6*p**3 - p**2 - 2*p - 2. Let r be a(-1). Let o(l) = l**2 - l + r - 5*l**2 + 4*l**2 - l**2. Let y = 56 - 52. Calculate o(y).
-15
Let y(x) = 16*x + 618. Let g be y(-38). Let a(q) = -q**3 + 9*q**2 + 9*q + 4. Calculate a(g).
-6
Let h = 148 - 146. Let q(j) = -333*j - h + 168*j + 162*j. Calculate q(-3).
7
Suppose -l = 9*c - 10*c + 47, -474 = 12*l + 3*c. Let b(j) = 16*j + 653. Determine b(l).
-3
Let n(b) = 2*b + 9. Let x(w) = -w**2 + 16*w + 17. Let l be x(15). Let q(r) = -32 + 58 - l - 3*r. Let k be q(0). What is n(k)?
-3
Let w(t) be the first derivative of t**5/20 - 5*t**4/12 - 7*t**3/6 + t**2/2 + 71*t + 88. Let s(c) be the first derivative of w(c). Calculate s(6).
-5
Suppose 0 = -43*h + 52*h - 117. Suppose -4*y = 3*b - 1 + 30, -4*y = -3*b - h. Let q(d) = -d**3 - 7*d**2 - d - 4. Calculate q(b).
3
Suppose b - 9*x = -13*x + 12, 4*b = 5*x + 90. Let u(q) = -q**3 + 19*q**2 + 18*q + 35. Give u(b).
-5
Suppose 3*y - 5*r + 1 = 8, -5*y + 15 = -5*r. Let g(f) = -2*f**2 + 5*f - 1. Let q(v) = v**2 - v - 2. Let d(x) = g(x) + q(x). Determine d(y).
-3
Suppose -44*g + 42*g = -2. Let i = g - 0. Let h(k) = 7*k - 1. What is h(i)?
6
Let o(r) = 14*r - 95. Suppose 1494 = 203*u + 46*u. Give o(u).
-11
Let z(k) be the first derivative of k**3/3 + 13*k**2/2 + 46*k - 49. Let d be z(-6). Let t(a) = -2*a - 3. Determine t(d).
-11
Let a(d) = d**3 - 8*d**2 + 5*d + 5. Let s be a(8). Let u be 1/3 - (-120)/s. Let r(g) = 4 - 2*g**u + 6*g**2 + 3*g**3 + 7*g - 6 + 7. Calculate r(-5).
-5
Let z(w) = w**2 + w. Let h = -95 - -104. Suppose c + h*b = 7*b - 4, -5 = -4*c - b. Give z(c).
6
Let n be (0 - 2) + -1 + -4*1. Let l be 4/(-14) - (-19)/n - 1. Let k(h) be the first derivative of h**4/4 + h**3 - h**2 + h - 4. Determine k(l).
-7
Let l(s) = s**2 + 15*s - 7. Let v be l(-15). Let n(i) = 6*i**2 + 8*i - 1. Let j(d) = 5*d**2 + 8*d - 1. Let t(c) = -5*j(c) + 4*n(c). Give t(v).
8
Let a(v) = 6*v + 30. Suppose -57*k = 120*k + 1239. Calculate a(k).
-12
Let t(i) = -i**3 + 13*i**2 - 10*i - 35. Suppose -5*n - 5*u = -45, n + 34 = -2*u + 40. What is t(n)?
-11
Suppose -12*i - 53 = 57 - 50. Let b(v) = 24*v**2 + 120*v - 4. Determine b(i).
-4
Suppose 2*t - z + 1500 = 1458, -5*t - 77 = z. Let g(b) = b**2 + 16*b - 4. Calculate g(t).
13
Let l(n) = n**2 - 5*n + 7. Let i(q) = -3*q + 4. Suppose 41 = -2*v + 31. Let x(u) = v*i(u) + 3*l(u). Give x(-1).
4
Let u = -8 - -10. Suppose 0 = u*f + 5*f. Suppose 3*p - 6*p - 9 = f. Let s(k) = 4*k - 1. What is s(p)?
-13
Let k(r) = r - 1. Suppose -b + i + 17 = 0, 142 - 33 = 5*b + 3*i. Let f = -29 + b. Let u(j) = j**2 + 7*j - 16. Let s be u(f). Determine k(s).
1
Let a(k) be the first derivative of 0*k + 0*k**2 - 2 + 23/3*k**3 - 1/12*k**5 + 0*k**4. Let m(y) be the third derivative of a(y). Determine m(1).
-10
Let j(h) = -13 + 10*h**2 - 23*h - 9*h**2 + 0*h. Let i be j(18). Let b = -105 - i. Let p(x) = -x**3 - 4*x**2 - 3*x - 1. Give p(b).
-3
Let s be 36/(3 - 5) + 0. Let q be s/(-5) - ((-24)/(-15) - 2). Suppose 0 = 9*c - q*c + 25. Let b(o) = o**2 + 4*o - 3. Calculate b(c).
2
Let p(n) be the second derivative of n**5/20 + n**4/2 - 3*n**3/2 + 5*n**2/2 - 3*n. Suppose 29*m - 64*m = -39*m - 28. Determine p(m).
19
Let d(t) = -t**3 - 32*t**2 - 61*t - 24. Suppose -5*o + 5*a = 180, -9*o - 5*a = -11*o - 90. Determine d(o).
6
Let k(r) = -9*r + 65. Let j = 225 - 217. Let s be k(j). Let y(c) = -c + 5. Calculate y(s).
12
Suppose 16*g - 798 = -3*g. Suppose -g*m + 51 = -59*m. Let h(k) = 0 + 4*k + 4 - 2. Determine h(m).
-10
Let p(h) = 86*h**2 - 15*h - 70. Let o(a) = -47*a**2 + 7*a + 36. Let r(v) = -11*o(v) - 6*p(v). Give r(-10).
-6
Let z(v) = -3*v + 29. Let l(x) = 47. Let q(t) = -2*l(t) + 3*z(t). Give q(-3).
20
Let o(n) = -61*n - 74. Let t(l) = 12*l + 19. Let p(k) = -2*o(k) - 11*t(k). Determine p(-4).
-21
Let m(w) be the first derivative of -w**4/4 - 8*w**3/3 + 13*w**2/2 + 4*w + 1552. Calculate m(-9).
-32
Suppose -4*j + 96 = -36*j. Let m(z) be the second derivative of z**6/360 - z**4/12 - 7*z**3/6 - 3*z. Let a(b) be the second derivative of m(b). What is a(j)?
7
Let q(j) = -11*j - 4 - 21*j**2 + j - 5228*j**3 + 2 + 5226*j**3. Determine q(-10).
-2
Let o(c) be the second derivative of c**5/20 + c**4/6 + 2*c**3/3 - 3*c**2/2 + 242*c + 1. What is o(2)?
21
Let s(k) = -101*k + 2. Let g be s(1). Let o be 3/21*-2 - g/(-21). Let h(m) = 3*m + 3. Give h(o).
-12
Let y = 3447 - 3440. Let n(o) = o**3 - 6*o**2 - 10*o + 3. Determine n(y).
-18
Let g(x) = 8 - 2*x - 269*x**2 + 0*x - 279*x**2 + 4*x + 547*x**2. Calculate g(0).
8
Let z(c) be the third derivative of c**6/120 + c**5/15 - 11*c**4/24 - 7*c**3/2 - 312*c**2 + 5*c + 1. Give z(-5).
9
Let u(b) = -39*b**3 + 101*b**2 + 139*b - 140. Let i(m) = 32*m**3 - 81*m**2 - 111*m + 112. Let v(g) = 11*i(g) + 9*u(g). Give v(-16).
4
Let m(x) = -13*x - 26. Let o be (-145)/((-29435)/(-174)) - (-2)/(-14). Determine m(o).
-13
Suppose 0 = 3*o + 2*s - 32, 3*o - 3*s - 7 - 5 = 0. Let q(u) = u**2 + u - 48. Determine q(o).
24
Suppose 0 = -k - 1 + 7. Let x(a) = -4 - a - 228*a**2 + a + a**3 + 223*a**2 + k*a. Calculate x(4).
4
Let q(f) be the first derivative of f**2/2 + 4*f - 22. Let t(l) = 3*l + 7. Let i(j) = -5*q(j) + 2*t(j). Calculate i(13).
7
Let l(q) be the second derivative of q**5/20 - q**4/6 + q**3/6 - 3*q**2/2 + 19*q. Suppose n - 3*r = 18, -5*r + 5 = 30. Give l(n).
9
Suppose z + 84 = -14*z - 36. Let m(r) = 13*r + 94. What is m(z)?
-10
Suppose -9*a + 7*a + 7 = 5*w, -4*a = -24. Let k(g) = -3*g - 15. What is k(w)?
-12
Suppose -5*k - 2*l + 88 = 0, 5*k + 3*l + 3 = 85. Let x(u) = u**3 - 19*u**2 - 21*u + 21. Determine x(k).
1
Suppose 910 = 2*d + 12*d. Let o = 69 - d. Let v(n) = 6*n - 6. Give v(o).
18
Let p(s) = s**3 + 11*s**2 - s + 2. Let g be (-168)/15 + (-2)/14*35/(-25). Give p(g).
13
Let o be 1*((1 - -1) + -3). Let n(p) be the second derivative of -7*p**4/12 + p**3/6 + 10*p**2 + 15*p. Let w(d) be the first derivative of n(d). Determine w(o).
15
Let k(l) = 12*l + 92. Let h be 2625/(-378) + 2*(-8)/288. Give k(h).
8
Let r(m) = -33*m**2 + 56*m + 347. Let u(k) = 13*k**2 - 28*k - 174. Let a(v) = 2*r(v) + 5*u(v). Calculate a(-8).
-16
Let u(p) = -4*p**2 + 3*p + 8. Let v(c) = -9*c**2 + 7*c + 17. Let l(r) = -5*u(r) + 2*v(r). Let t = -369 - -374. Give l(t).
39
Let q(g) be the third derivative of g**5/20 + g**4/6 + g**3/2 + 16714*g**2. Let u = -6 + 4. Determine q(u).
7
Let j be (10 - 12)*(-6)/4. Suppose 5*b = j*b - 16. Let k(t) = -153*t - 3 + 309*t + t**2 - 151*t. Give k(b).
21
Let j be 66/14 - 10/(-35). Suppose k - 3*d = -0*d - 7, -j*k - 5*d - 55 = 0. Let m(i) = -2*i + 2. Let x(c) = 11*c + 4. Let h(z) = -5*m(z) - x(z). Determine h(k).
-4
Let b = -927 + 610. Let k = b - -319. Let h(z) = 9*z - 3*z + 5 - 2 - 4. What is h(k)?
11
Let r be (2 - (-14 - 1053/(-65)))/((-2)/30). Let o(b) be the third derivative of -b**4/24 - 2*b**2. Calculate o(r).
-3
Let f(j) = -j + 4. Let w be f(6). Suppose 11 = 8*m - 5. Let h(z) = 0*z + 0*z + m + z + z. Calculate h(w).
-2
Let f(n) = n**2 - 13*n - 5. Let t(o) = 16*o + 652. Let k be t(-40). Give f(k).
-17
Let p be ((-26)/(-39))/((-2)/(-54)). Suppose s - 3*q = 11, 17*s = 12*s + 4*q + 22. Let c(y) = 0 + 25*y + s + 1 - p*y. What is c(3)?
24
Let t(p) = -p - 3*p + 4 - 193*p**2 + 191*p**2 + 3*p + p**3. Let w be (1 + 0)/(3/(-36)). Let a = w - -15. Calculate t(a).
10
Suppose -x - 6*s + 7*s + 3 = 0, 0 = 4*x - s - 9. Let f(u) be the third derivative of x*u**2 + 0 + 0*u + 1/6*u**3 + 5/24*u**4. What is f(-2)?
-9
Let a(k) = k**3 + 2*k**2 + k + 1. Suppose 2*z - 2*x + x = -13, 0 = -4*z - x - 17. Let c be -6 - -3*z/15. Let l = 6 + c. Calculate a(l).
1
Let b(l) = 5*l**2 - 4*l - 15. Let p(k) = -16*k**2 + 11*k + 46. Let c(m) = -7*b(m) - 2*p(m). What is c(4)?
-11
Suppose 960 = -5*z - 1980. Let v = 591 + z. Let p(u) = 6*u**2 - 9*u + 4. Let a(j) = 4*j**2 - 6*j + 